{"id":227,"date":"2023-09-08T17:22:33","date_gmt":"2023-09-08T17:22:33","guid":{"rendered":"http:\/\/sgi-stuttgart-vaihingen.de\/?page_id=227"},"modified":"2026-03-06T16:56:27","modified_gmt":"2026-03-06T16:56:27","slug":"allgemeine-informationen","status":"publish","type":"page","link":"http:\/\/sgi-stuttgart-vaihingen.de\/?page_id=227","title":{"rendered":"Allgemeine Informationen \/ Rundschreiben"},"content":{"rendered":"\n<div class=\"wp-container-2 wp-block-group\"><div class=\"wp-block-group__inner-container\">\n<div class=\"wp-container-1 wp-block-group\"><div class=\"wp-block-group__inner-container\">\n<p class=\"has-small-font-size\">Dienstzeiten der Theken- und Standaufsichten:<\/p>\n\n\n\n<p class=\"has-small-font-size\">Theke: Di. &nbsp;17 \u2013 21 Uhr&nbsp;&nbsp;&nbsp;&nbsp;&nbsp;&nbsp;&nbsp;&nbsp;&nbsp;&nbsp;&nbsp;&nbsp;&nbsp;&nbsp;&nbsp;&nbsp;&nbsp;&nbsp; Aufsicht: Di. 17 \u2013 21 Uhr&nbsp;&nbsp;&nbsp;&nbsp;<\/p>\n\n\n\n<p class=\"has-small-font-size\">&nbsp;&nbsp;&nbsp;&nbsp;&nbsp;&nbsp;&nbsp;&nbsp;&nbsp;&nbsp;&nbsp; Fr. &nbsp;17 \u2013 22 Uhr&nbsp;&nbsp;&nbsp;&nbsp;&nbsp;&nbsp;&nbsp;&nbsp;&nbsp; &nbsp;&nbsp;&nbsp;&nbsp;&nbsp;&nbsp;&nbsp;&nbsp;&nbsp;&nbsp;&nbsp;&nbsp;&nbsp;&nbsp;&nbsp;&nbsp;&nbsp;&nbsp;&nbsp;&nbsp;&nbsp;&nbsp;&nbsp;&nbsp;Fr. 17 \u2013 22 Uhr<\/p>\n\n\n\n<p class=\"has-small-font-size\">&nbsp;&nbsp;&nbsp;&nbsp;&nbsp;&nbsp;&nbsp;&nbsp;&nbsp;&nbsp;&nbsp; Sa. 12 \u2013 16 Uhr&nbsp;&nbsp;&nbsp;&nbsp;&nbsp;&nbsp;&nbsp;&nbsp;&nbsp;&nbsp;&nbsp;&nbsp;&nbsp;&nbsp;&nbsp;&nbsp;&nbsp;&nbsp;&nbsp;&nbsp;&nbsp;&nbsp;&nbsp;&nbsp;&nbsp;&nbsp;&nbsp;&nbsp;&nbsp;&nbsp;&nbsp;&nbsp;&nbsp; Sa. 12 \u2013 16 Uhr<\/p>\n<\/div><\/div>\n<\/div><\/div>\n\n\n\n<h2>Q2 \/ 2026<\/h2>\n\n\n\n<p><strong><em>Jahreshauptversammlung 2026<\/em><\/strong><\/p>\n\n\n\n<p>Findet am 19. April im Vereinsheim statt. Einladungen folgen per E-Mail bzw. per Post.<\/p>\n\n\n\n<p><strong><em>Arbeitsdienst<\/em><\/strong><strong><\/strong><\/p>\n\n\n\n<p>Am 11.04.2026 ab 09:30 Uhr. KEIN Schie\u00dfbetrieb an diesem Tag!<\/p>\n\n\n\n<p><strong><em>K\u00f6nigsschie\u00dfen 2026<\/em><\/strong><strong><\/strong><\/p>\n\n\n\n<p>Findet an Himmelfahrt, Donnerstag, 14. Mai 2026. Listeneintrag 10 bis 11 Uhr, Schie\u00dfbeginn 11 Uhr. Verk\u00f6stigung und Getr\u00e4nke durch die Sieger von 2025. Startgeb\u00fchr beim K\u00f6nigschie\u00dfen 8.- EURO<\/p>\n\n\n\n<p><strong><em>KK-Speed-Schie\u00dfen 2026<\/em><\/strong><\/p>\n\n\n\n<p>findet am Samstag, 13. Juni 2026, auf dem 25m-Stand statt.<\/p>\n\n\n\n<p>Fragen: an Christian Stahl &amp; Philipp Thomann<\/p>\n\n\n\n<p><\/p>\n\n\n\n<h2>Q1 \/ 2026<\/h2>\n\n\n\n<p><strong><em>Jahreswertungsschie\u00dfen 2026<\/em><\/strong><\/p>\n\n\n\n<p>Beginnt im Januar. Denkt an Euren Schie\u00dfnachweis. Jedes Schie\u00dfen sollte man in das pers\u00f6nliche Schie\u00dfbuch eintragen und best\u00e4tigen lassen.&nbsp;&nbsp;&nbsp;&nbsp; &nbsp;<\/p>\n\n\n\n<p><strong><em>Kreismeisterschaften des DSB<\/em><\/strong><strong><\/strong><\/p>\n\n\n\n<p>Finden ab M\u00e4rz 2026 statt. Beachtet die Aush\u00e4nge im Vereinsheim. Bei Fragen wendet Euch an Alexander Deutsch (DSB Sportleiter).<\/p>\n\n\n\n<p><strong><em>Bezirksmeisterschaften des BDS<\/em><\/strong><strong><\/strong><\/p>\n\n\n\n<p>Diese haben bereits im November 2025 begonnen und werden bis Ende April 2026 abgeschlossen sein. Details siehe Ausschreibung auf der Webseite GSVBW.de<\/p>\n\n\n\n<p>Teilnahme an Meisterschaften ist f\u00fcr alle mit Waffenbesitz \u00fcber das Grundkontingent sehr wichtig.<\/p>\n\n\n\n<p>Ab Bezirksmeisterschaft DSB\/BDS hat jeder Teilnehmer seine Startgeb\u00fchren zur H\u00e4lfte selbst zu zahlen, die andere H\u00e4lfte \u00fcbernimmt der Verein.<\/p>\n\n\n\n<p>Die Geb\u00fchren f\u00fcr jugendliche Starter und Mannschaftsgeb\u00fchren \u00fcbernimmt der Verein weiterhin zu 100%.<\/p>\n\n\n\n<p><strong><em>Mitgliedsbeitr\u00e4ge 2026<\/em><\/strong><\/p>\n\n\n\n<p><strong>SGV-Jahresbeitrag 2026 ist im Februar f\u00e4llig. Barzahler bzw. \u00dcberweiser bitte nicht vergessen!<\/strong><\/p>\n\n\n\n<p>\u00c4nderungen irgendwelcher pers\u00f6nlicher Daten (Anschrift, Handynummer, E-Mail, \u2026), insbesondere ge\u00e4nderte Bankverbindung, bitte umgehend melden.<\/p>\n\n\n\n<p><\/p>\n\n\n\n<p><strong><em>Ostereierschiessen 2026<\/em><\/strong><\/p>\n\n\n\n<p>findet am 17.3.,20.3. und 24.03.2026 statt.<\/p>\n\n\n\n<p><strong><em>Jahreshauptversammlung 2026<\/em><\/strong><strong><em><\/em><\/strong><\/p>\n\n\n\n<p>Findet am 19.04.2026&nbsp;&nbsp; &nbsp;10 &#8211; ca. 13 Uhr statt.<\/p>\n\n\n\n<p><strong><em>Arbeitsdienst<\/em><\/strong><strong><\/strong><\/p>\n\n\n\n<p>Am 11.04.2026 ab 09:30 Uhr. KEIN Schie\u00dfbetrieb an diesem Tag!<\/p>\n\n\n\n<p><strong><em>Vereinsheim ist an folgenden Tagen geschlossen<\/em><\/strong><\/p>\n\n\n\n<p>22.12.2025 bis einschlie\u00dflich 07. Januar 2026<\/p>\n\n\n\n<p><\/p>\n\n\n\n<h2>Q4 \/ 2025<\/h2>\n\n\n\n<p><strong><em>Vereinsmeisterschaft 202<\/em><\/strong>5<\/p>\n\n\n\n<p><a>Die Vereinsmeisterschaft 2025 beginnt am 27. September 2025 und endet voraussichtlich am 26. Oktober 2025. Die Ausschreibung ist bereits im Vereinsheim ausgeh\u00e4ngt<\/a>.<\/p>\n\n\n\n<p><strong>Wo:<\/strong> Auf der 25m Bahn, 50m Bahn und 50m Seilzuganlage<\/p>\n\n\n\n<p><strong>Wer:<\/strong> Jedes Mitglied der Sch\u00fctzengilde Stuttgart-Vaihingen 1926 e.V. &nbsp;-auch ohne eigene Sportwaffen-<\/p>\n\n\n\n<p><strong>Wie:<\/strong> Jeder Sch\u00fctze sollte vorher seine Disziplin anhand der Sporthandb\u00fccher DSB und BDS ausgew\u00e4hlt haben. Auf dem Stand findet nur eine kurze Einweisung und Pr\u00fcfung der Sportwaffen auf Zul\u00e4ssigkeit f\u00fcr die ausgesuchte Disziplin statt!<\/p>\n\n\n\n<p><strong>Fragen:<\/strong> BDS Christian Stahl &amp; DSB Alexander Deutsch &nbsp;&nbsp;&nbsp;<\/p>\n\n\n\n<p><strong><em>Rundenwettk\u00e4mpfe<\/em><\/strong><strong><\/strong><\/p>\n\n\n\n<p>Die Rundenwettk\u00e4mpfe beginnen ab September 2025.<\/p>\n\n\n\n<p>Bitte die Standbelegung beachten.<\/p>\n\n\n\n<p>Informationen hierzu sind bei Alexander Deutsch einzuholen.<\/p>\n\n\n\n<p><strong><em>Jahresabschlussfeier 2025<\/em><\/strong><strong><\/strong><\/p>\n\n\n\n<p>Unsere Jahresabschlussfeier findet am 21.12.2025, ab 10:00 Uhr im Vereinsheim statt.<\/p>\n\n\n\n<p><strong><em>Schlie\u00dfung Vereinsheim 2025\/2026<\/em><\/strong><\/p>\n\n\n\n<p>Das Vereinsheim bleibt vom<strong> 22.12.2025<\/strong> bis einschlie\u00dflich <strong>06.01.2026<\/strong> geschlossen.<\/p>\n\n\n\n<p><strong>Ab dem 09.01.2026<\/strong> ist das Vereinsheim wieder ge\u00f6ffnet.<\/p>\n\n\n\n<p><strong><em>Diensteinteilung Q4 2025 und 2026<\/em><\/strong><strong><\/strong><\/p>\n\n\n\n<p>Der Diensteinteilungsplan wird per E-Mail verschickt.  Wer nicht kann muss selbst f\u00fcr Ersatz sorgen. <\/p>\n\n\n\n<p><strong>Wenn keine Aufsicht da ist, darf nicht geschossen werden!<\/strong><\/p>\n\n\n\n<p>Bei kurzfristigen Absagen oder nicht Erscheinen werden Vers\u00e4umnisgeb\u00fchren (siehe Satzung) f\u00e4llig!<\/p>\n\n\n\n<p>ACHTUNG: Bei freien Terminen erfolgen keine Einteilungen durch den Vorstand und wenn keine Aufsicht eingetragen ist, bleiben die jeweiligen Schie\u00dfst\u00e4nde geschlossen!!<\/p>\n\n\n\n<p>Wunschtermine f\u00fcr die jeweiligen Quartale 2026 k\u00f6nnt Ihr &#8211; bis 4 Wochen vor Quartalsende &#8211; in die im Vereinsheim ausgelegte Liste eintragen.<\/p>\n\n\n\n<p><\/p>\n\n\n\n<h2>Q3 \/ 2025<\/h2>\n\n\n\n<p><strong><em>Vaihinger-Stadtpokal-Schie\u00dfen<\/em><\/strong><\/p>\n\n\n\n<p>Die findet am 5.\/6. und 12.\/13. Juli 2025 statt.<\/p>\n\n\n\n<p>Dies bedeutet, dass die 50m-Anlagen f\u00fcr den weiteren Schie\u00dfbetrieb gesperrt bzw. eingeschr\u00e4nkt nutzbar sind.<\/p>\n\n\n\n<p><strong>Wo:<\/strong> 50m Seilzuganlage<\/p>\n\n\n\n<p><strong>Fragen:<\/strong> Marcus Friese &amp; Julian Pichler-Fohry &nbsp;&nbsp;&nbsp;<\/p>\n\n\n\n<p><\/p>\n\n\n\n<p><strong><em>Sommerfest und Tag der offenen T\u00fcr<\/em><\/strong><\/p>\n\n\n\n<p>Sonntag, 20. Juli 2025. Beginn 11 Uhr.&nbsp;&nbsp;&nbsp;<\/p>\n\n\n\n<p>Zur Vorbereitung und Durchf\u00fchrung brauchen wir wieder Helfer (siehe Aushang Vereinsheim).<\/p>\n\n\n\n<p>Der Aufbau f\u00fcr das Fest beginnt am Samstag, 19. Juli, ab 10 Uhr (kein Schie\u00dfbetrieb).<\/p>\n\n\n\n<p>Abbau Sommerfest am Montag, 21. Juli ab 10:00 Uhr.<\/p>\n\n\n\n<p><\/p>\n\n\n\n<p><strong><em>GK-Speed-Schie\u00dfen <\/em><\/strong><strong><\/strong><\/p>\n\n\n\n<p>am Samstag, 26. Juli 2025. Anmeldung im Vereinsheim<\/p>\n\n\n\n<p><\/p>\n\n\n\n<p><strong><em>Sommerferienprogramm<\/em><\/strong><\/p>\n\n\n\n<p>Voraussichtlich Mittwoch, 06.08.2025 10 bis 16 Uhr.<\/p>\n\n\n\n<p>Teilnehmer 10 bis 18 Jahre. Auch hierf\u00fcr werden Mitarbeiter gebraucht.<\/p>\n\n\n\n<p><strong>Fragen:<\/strong> Ina Kunzelmann &amp; Alexander Deutsch &nbsp;&nbsp;&nbsp;<\/p>\n\n\n\n<p><\/p>\n\n\n\n<p><strong><em>Arbeitsdienst<\/em><\/strong><\/p>\n\n\n\n<p>ist f\u00fcr Samstag, 20. September 2025, ab 09:30 Uhr geplant.<\/p>\n\n\n\n<p><\/p>\n\n\n\n<p><strong><em>Vereinsmeisterschaften 2025<\/em><\/strong><\/p>\n\n\n\n<p>beginnen am 27. September und enden voraussichtlich<\/p>\n\n\n\n<p>am 26. Oktober 2025. N\u00e4here Info zeitnah im Vereinsheim als Aushang.<\/p>\n\n\n\n<p><\/p>\n\n\n\n<p><strong><em>Rundenwettk\u00e4mpfe<\/em><\/strong><\/p>\n\n\n\n<p>starten wieder im September. Luftpistole, Luftgewehr und Sportpistole. Bitte aktiv teilnehmen.<\/p>\n\n\n\n<p>Interessierte die teilnehmen wollen, melden sich bitte bei Alexander Deutsch<\/p>\n\n\n\n<p><\/p>\n\n\n\n<p><strong><em>Diensteinteilungen<\/em><\/strong><\/p>\n\n\n\n<p>f\u00fcr das 3. Quartal 2025 wird per E-Mail verschickt.<\/p>\n\n\n\n<p>Wer nicht kann muss selbst f\u00fcr Ersatz sorgen. Es wurde eine Whatsapp Community gegr\u00fcndet, in die jeder der m\u00f6chte eingeladen werden kann (f\u00fcr weitere Infos hierzu bitte an Andy Haase, Philipp Thomann oder Sava\u015f Serin wenden).<\/p>\n\n\n\n<p>Wenn keine Aufsicht da ist, darf nicht geschossen werden!<\/p>\n\n\n\n<p>Bitte Termine einhalten, ansonsten werden Vers\u00e4umnisgeb\u00fchren (siehe Satzung) f\u00e4llig!<\/p>\n\n\n\n<p>Wunschtermine f\u00fcr das letzte Quartal 2025 k\u00f6nnt Ihr &#8211; bis 4 Wochen vor Quartalsende &#8211; in die im Vereinsheim ausgelegte Liste eintragen<\/p>\n\n\n\n<p><\/p>\n\n\n\n<h1>Q2 \/ 2025<\/h1>\n\n\n\n<p><strong><em>Jahreshauptversammlung 2025<\/em><\/strong><\/p>\n\n\n\n<p>Findet am 06. April im Vereinsheim statt. Einladungen folgen per E-Mail bzw. per Post.<\/p>\n\n\n\n<p><strong><em>Arbeitsdienst<\/em><\/strong><strong><\/strong><\/p>\n\n\n\n<p>Am 12.04.2025 ab 09:30 Uhr. KEIN Schie\u00dfbetrieb an diesem Tag!<\/p>\n\n\n\n<p><strong><em>K\u00f6nigsschie\u00dfen 2025<\/em><\/strong><strong><\/strong><\/p>\n\n\n\n<p>Findet an Himmelfahrt, Donnerstag, 29. Mai 2025. Listeneintrag 10 bis 11 Uhr, Schie\u00dfbeginn 11 Uhr. Verk\u00f6stigung und Getr\u00e4nke durch die Sieger von 2024. Startgeb\u00fchr beim K\u00f6nigschie\u00dfen 8.- EURO<\/p>\n\n\n\n<p><strong><em>KK-Speed-Schie\u00dfen 2025<\/em><\/strong><\/p>\n\n\n\n<p>findet am Samstag, 07. Juni 2025, auf dem 25m-Stand statt.<\/p>\n\n\n\n<p>Fragen: an Christian Stahl &amp; Philipp Thomann<\/p>\n\n\n\n<p><\/p>\n\n\n\n<p><\/p>\n\n\n\n<h2><mark style=\"background-color:rgba(0, 0, 0, 0)\" class=\"has-inline-color has-black-color\">Q1 \/ 202<\/mark>5<\/h2>\n\n\n\n<p><strong><em>Jahreswertungsschie\u00dfen 2025<\/em><\/strong><\/p>\n\n\n\n<p>Beginnt im Januar. Denkt an Euren Schie\u00dfnachweis. Jedes Schie\u00dfen sollte man in das pers\u00f6nliche Schie\u00dfbuch eintragen und best\u00e4tigen lassen.&nbsp;&nbsp;&nbsp;&nbsp; &nbsp;<\/p>\n\n\n\n<p><strong><em>Kreismeisterschaften des DSB<\/em><\/strong><strong><\/strong><\/p>\n\n\n\n<p>Finden ab M\u00e4rz 2025 statt. Beachtet die Aush\u00e4nge im Vereinsheim. Bei Fragen wendet Euch an Alexander Deutsch (DSB Sportleiter).<\/p>\n\n\n\n<p><strong><em>Bezirksmeisterschaften des BDS<\/em><\/strong><strong><\/strong><\/p>\n\n\n\n<p>Diese haben bereits im November 2024 begonnen und werden bis Ende April 2024 abgeschlossen sein. Details siehe Ausschreibung auf der Webseite GSVBW.de<\/p>\n\n\n\n<p>Teilnahme an Meisterschaften ist f\u00fcr alle mit Waffenbesitz \u00fcber das Grundkontingent sehr wichtig.<\/p>\n\n\n\n<p>Ab Bezirksmeisterschaft DSB\/BDS hat jeder Teilnehmer seine Startgeb\u00fchren zur H\u00e4lfte selbst zu zahlen, die andere H\u00e4lfte \u00fcbernimmt der Verein.<\/p>\n\n\n\n<p>Die Geb\u00fchren f\u00fcr jugendliche Starter und Mannschaftsgeb\u00fchren \u00fcbernimmt der Verein weiterhin zu 100%.<\/p>\n\n\n\n<p><strong><em>Mitgliedsbeitr\u00e4ge 2025<\/em><\/strong><\/p>\n\n\n\n<p><strong>SGV-Jahresbeitrag 2025 ist im Februar f\u00e4llig. Barzahler bzw. \u00dcberweiser bitte nicht vergessen!<\/strong><\/p>\n\n\n\n<p>\u00c4nderungen irgendwelcher pers\u00f6nlicher Daten (Anschrift, Handynummer, E-Mail, \u2026), insbesondere ge\u00e4nderte Bankverbindung, bitte umgehend melden.<\/p>\n\n\n\n<p><strong><em>Ostereierschiessen 2025<\/em><\/strong><\/p>\n\n\n\n<p>findet am 18.3.,21.3. und 25.03.2023 statt.<\/p>\n\n\n\n<p><strong><em>Jahreshauptversammlung 2025<\/em><\/strong><strong><em><\/em><\/strong><\/p>\n\n\n\n<p>Findet am 06.04.2023 von 10 bis ca. 13 Uhr statt.<\/p>\n\n\n\n<p><strong><em>Arbeitsdienst<\/em><\/strong><strong><\/strong><\/p>\n\n\n\n<p>Am 12.04.2023 ab 09:30 Uhr. KEIN Schie\u00dfbetrieb an diesem Tag!<\/p>\n\n\n\n<p><strong><em>Vereinsheim ist an folgenden Tagen geschlossen<\/em><\/strong><\/p>\n\n\n\n<p>16.12.2024 bis einschlie\u00dflich 07. Januar 2025<\/p>\n\n\n\n<p><\/p>\n\n\n\n<h1>Q4 \/ 2024<\/h1>\n\n\n\n<p><strong><em>Vereinsmeisterschaft 202<\/em><\/strong>5<\/p>\n\n\n\n<p>Die Vereinsmeisterschaft 2025 beginnt am 28. September 2024 und endet voraussichtlich am 27. Oktober 2024. Die Ausschreibung wird zeitnah im Vereinsheim ausgeh\u00e4ngt.<\/p>\n\n\n\n<p><strong>Wo:<\/strong> Auf der 25m Bahn, 50m Bahn und 50m Seilzuganlage<\/p>\n\n\n\n<p><strong>Wer:<\/strong> Jedes Mitglied der Sch\u00fctzengilde Stuttgart-Vaihingen 1926 e.V. &nbsp;-auch ohne eigene Sportwaffen-<\/p>\n\n\n\n<p><strong>Wie:<\/strong> Jeder Sch\u00fctze sollte vorher seine Disziplin anhand der Sporthandb\u00fccher DSB und BDS ausgew\u00e4hlt haben. Auf dem Stand findet nur eine kurze Einweisung und Pr\u00fcfung der Sportwaffen auf Zul\u00e4ssigkeit f\u00fcr die ausgesuchte Disziplin statt!<\/p>\n\n\n\n<p><strong>Fragen:<\/strong> BDS Christian Stahl &amp; DSB Alexander Deutsch &nbsp;&nbsp;&nbsp;<\/p>\n\n\n\n<p><strong><em>Rundenwettk\u00e4mpfe<\/em><\/strong><strong><\/strong><\/p>\n\n\n\n<p>Die Rundenwettk\u00e4mpfe beginnen ab September 2024.<\/p>\n\n\n\n<p>Bitte die Standbelegung beachten.<\/p>\n\n\n\n<p>Informationen hierzu sind bei Alexander Deutsch einzuholen.<\/p>\n\n\n\n<p><strong><em>Jahresabschlussfeier 2024<\/em><\/strong><strong><\/strong><\/p>\n\n\n\n<p>Unsere Jahresabschlussfeier findet am 15.12.2024, ab 10:00 Uhr im Vereinsheim statt.<\/p>\n\n\n\n<p><strong><em>Schlie\u00dfung Vereinsheim 2024\/2025<\/em><\/strong><\/p>\n\n\n\n<p>Das Vereinsheim bleibt vom<strong> 16.12.2024<\/strong> bis einschlie\u00dflich <strong>06.01.2024<\/strong> geschlossen.<\/p>\n\n\n\n<p><strong>Ab dem 07.01.2024<\/strong> ist das Vereinsheim wieder ge\u00f6ffnet.<\/p>\n\n\n\n<p><strong><em>Diensteinteilung Q4 2024 und 2025<\/em><\/strong><strong><\/strong><\/p>\n\n\n\n<p>Der Diensteinteilungsplan wird per E-Mail verschickt. Schaut aktiv rein, ob Ihr eingeteilt seid. Einteilung bei freien Terminen und nicht erreichter Dienste (5mal im Jahr), erfolgte durch den Vorstand. Wer nicht kann muss selbst f\u00fcr Ersatz sorgen. <strong>Wenn keine Aufsicht da ist, darf nicht geschossen werden!<\/strong><\/p>\n\n\n\n<p>Bei kurzfristigen Absagen oder nicht Erscheinen werden Vers\u00e4umnisgeb\u00fchren (siehe Satzung) f\u00e4llig!<\/p>\n\n\n\n<p>ACHTUNG: Ab dem Jahr 2025 werden bei freien Terminen keine Einteilungen durch den Vorstand vorgenommen und wenn keine Aufsicht eingetragen ist, bleiben die jeweiligen Schie\u00dfst\u00e4nde geschlossen!! Wunschtermine f\u00fcr die jeweiligen Quartale 2024 k\u00f6nnt Ihr &#8211; bis 4 Wochen vor Quartalsende &#8211; in die im Vereinsheim ausgelegte Liste eintragen.<\/p>\n\n\n\n<p><\/p>\n\n\n\n<h2 class=\"has-large-font-size\">Q3 \/ 2024<\/h2>\n\n\n\n<p class=\"has-medium-font-size\"><em><strong>Vaihinger-Stadtpokal-Schie\u00dfen<\/strong><\/em><\/p>\n\n\n\n<p>Die findet am 6.\/7. und 13.\/14. Juli 2024 statt.<\/p>\n\n\n\n<p>Dies bedeutet, dass die 50m-Anlagen f\u00fcr den weiteren Schie\u00dfbetrieb gesperrt bzw. eingeschr\u00e4nkt nutzbar sind.<\/p>\n\n\n\n<p><strong>Wo:<\/strong> 50m Seilzuganlage<\/p>\n\n\n\n<p><strong>Fragen:<\/strong> Marcus Fries &amp; Julian Pichler &nbsp;&nbsp;&nbsp;<\/p>\n\n\n\n<p><\/p>\n\n\n\n<p class=\"has-medium-font-size\"><strong><em>Sommerfest und Tag der offenen T\u00fcr<\/em><\/strong><\/p>\n\n\n\n<p>Sonntag, 21. Juli 2024. Beginn 11 Uhr.&nbsp;&nbsp;&nbsp;<\/p>\n\n\n\n<p>Zur Vorbereitung und Durchf\u00fchrung brauchen wir wieder Helfer (siehe Aushang Vereinsheim).<\/p>\n\n\n\n<p>Der Aufbau f\u00fcr das Fest beginnt am Samstag, 20. Juli, ab 10 Uhr (kein Schie\u00dfbetrieb).<\/p>\n\n\n\n<p>Abbau Sommerfest am Montag, 22. Juli ab 10:00 Uhr.<\/p>\n\n\n\n<p>Meldet Euch bitte zeitnah bei mir oder Thomas Kocher.<\/p>\n\n\n\n<p><\/p>\n\n\n\n<p class=\"has-medium-font-size\"><strong><em>GK-Speed-Schie\u00dfen <\/em><\/strong><\/p>\n\n\n\n<p>am Samstag, 27. Juli 2024. Anmeldung im Vereinsheim<\/p>\n\n\n\n<p><\/p>\n\n\n\n<p class=\"has-medium-font-size\"><strong><em>Sommerferienprogramm<\/em><\/strong><\/p>\n\n\n\n<p>Voraussichtlich Mittwoch, 31.07. und 4.9.2024 10 bis 16 Uhr.<\/p>\n\n\n\n<p>Teilnehmer 10 bis 18 Jahre. Auch hierf\u00fcr werden Mitarbeiter gebraucht.<\/p>\n\n\n\n<p><strong>Fragen:<\/strong> Ina Kunzelmann &amp; Willi Deutsch &nbsp;&nbsp;&nbsp;<\/p>\n\n\n\n<p><\/p>\n\n\n\n<p class=\"has-medium-font-size\"><strong><em>Arbeitsdienst<\/em><\/strong><\/p>\n\n\n\n<p>ist f\u00fcr Samstag, 14. September 2024, ab 09:30 Uhr geplant.<\/p>\n\n\n\n<p><\/p>\n\n\n\n<p class=\"has-medium-font-size\"><strong><em>Vereinsmeisterschaften 2024<\/em><\/strong><\/p>\n\n\n\n<p>beginnen am 28. September und enden voraussichtlich<\/p>\n\n\n\n<p>am 27. Oktober 2024. N\u00e4here Info zeitnah im Vereinsheim als Aushang.<\/p>\n\n\n\n<p><\/p>\n\n\n\n<p class=\"has-medium-font-size\"><strong><em>Rundenwettk\u00e4mpfe<\/em><\/strong><\/p>\n\n\n\n<p>starten wieder im September. Luftpistole, Luftgewehr und Sportpistole. Bitte aktiv teilnehmen.<\/p>\n\n\n\n<p>Interessierte die teilnehmen wollen, melden sich bitte bei Alexander Deutsch<\/p>\n\n\n\n<p><\/p>\n\n\n\n<p class=\"has-medium-font-size\"><strong><em>Diensteinteilungen<\/em><\/strong><\/p>\n\n\n\n<p>f\u00fcr das 3. Quartal 2024 wird per E-Mail verschickt.<\/p>\n\n\n\n<p>Schaut bitte aktiv nach, ob Ihr eingeteilt seid.<\/p>\n\n\n\n<p>Wer nicht kann muss selbst f\u00fcr Ersatz sorgen.<\/p>\n\n\n\n<p>Wenn keine Aufsicht da ist, darf nicht geschossen werden!<\/p>\n\n\n\n<p>Bitte Termine einhalten, ansonsten werden Vers\u00e4umnisgeb\u00fchren (siehe Satzung) f\u00e4llig!<\/p>\n\n\n\n<p>Wunschtermine f\u00fcr das letzte Quartal 2024 k\u00f6nnt Ihr &#8211; bis 4 Wochen vor Quartalsende &#8211; in die im Vereinsheim ausgelegte Liste eintragen<\/p>\n\n\n\n<p><\/p>\n\n\n\n<h2 class=\"has-large-font-size\"><\/h2>\n","protected":false},"excerpt":{"rendered":"<p>Dienstzeiten der Theken- und Standaufsichten: Theke: Di. &nbsp;17 \u2013 21 Uhr&nbsp;&nbsp;&nbsp;&nbsp;&nbsp;&nbsp;&nbsp;&nbsp;&nbsp;&nbsp;&nbsp;&nbsp;&nbsp;&nbsp;&nbsp;&nbsp;&nbsp;&nbsp; Aufsicht: Di. 17 \u2013 21 Uhr&nbsp;&nbsp;&nbsp;&nbsp; &nbsp;&nbsp;&nbsp;&nbsp;&nbsp;&nbsp;&nbsp;&nbsp;&nbsp;&nbsp;&nbsp; Fr. &nbsp;17 \u2013 22 Uhr&nbsp;&nbsp;&nbsp;&nbsp;&nbsp;&nbsp;&nbsp;&nbsp;&nbsp; &nbsp;&nbsp;&nbsp;&nbsp;&nbsp;&nbsp;&nbsp;&nbsp;&nbsp;&nbsp;&nbsp;&nbsp;&nbsp;&nbsp;&nbsp;&nbsp;&nbsp;&nbsp;&nbsp;&nbsp;&nbsp;&nbsp;&nbsp;&nbsp;Fr. 17 \u2013 22 Uhr &nbsp;&nbsp;&nbsp;&nbsp;&nbsp;&nbsp;&nbsp;&nbsp;&nbsp;&nbsp;&nbsp; Sa.<a href=\"http:\/\/sgi-stuttgart-vaihingen.de\/?page_id=227\" class=\"more-link\"><span class=\"more-button\">Continue reading<span class=\"screen-reader-text\">Allgemeine Informationen \/ Rundschreiben<\/span><\/span><\/a><\/p>\n","protected":false},"author":3,"featured_media":0,"parent":0,"menu_order":0,"comment_status":"closed","ping_status":"closed","template":"","meta":[],"_links":{"self":[{"href":"http:\/\/sgi-stuttgart-vaihingen.de\/index.php?rest_route=\/wp\/v2\/pages\/227"}],"collection":[{"href":"http:\/\/sgi-stuttgart-vaihingen.de\/index.php?rest_route=\/wp\/v2\/pages"}],"about":[{"href":"http:\/\/sgi-stuttgart-vaihingen.de\/index.php?rest_route=\/wp\/v2\/types\/page"}],"author":[{"embeddable":true,"href":"http:\/\/sgi-stuttgart-vaihingen.de\/index.php?rest_route=\/wp\/v2\/users\/3"}],"replies":[{"embeddable":true,"href":"http:\/\/sgi-stuttgart-vaihingen.de\/index.php?rest_route=%2Fwp%2Fv2%2Fcomments&post=227"}],"version-history":[{"count":68,"href":"http:\/\/sgi-stuttgart-vaihingen.de\/index.php?rest_route=\/wp\/v2\/pages\/227\/revisions"}],"predecessor-version":[{"id":556,"href":"http:\/\/sgi-stuttgart-vaihingen.de\/index.php?rest_route=\/wp\/v2\/pages\/227\/revisions\/556"}],"wp:attachment":[{"href":"http:\/\/sgi-stuttgart-vaihingen.de\/index.php?rest_route=%2Fwp%2Fv2%2Fmedia&parent=227"}],"curies":[{"name":"wp","href":"https:\/\/api.w.org\/{rel}","templated":true}]}}